n factor of 19 and n.
19
Let c be (36/7)/(0 - (-10)/35). What is the greatest common factor of c and 54?
18
Let s = 42 + -10. Let o be 4/(-18) - 38040/(-108). Calculate the greatest common divisor of s and o.
32
Suppose -a = -3*a + 6. Suppose -a*j + 303 = 3*v, 0 = -4*v - j + 4*j + 425. What is the highest common divisor of v and 13?
13
Let l(w) = 7*w - 7. Let x(d) = 3*d - 4. Let h(c) = -2*l(c) + 5*x(c). Let b be h(5). Let t be b/3 - 338/(-6). What is the greatest common factor of t and 7?
7
Let r = 9 - 4. Suppose r*u = u - 488. Let p = u + 188. Calculate the highest common factor of 6 and p.
6
Let w = 354 + -144. Calculate the highest common factor of 126 and w.
42
Let s(b) = 8*b**3 - 3*b**2 + 3*b - 5. Let q be s(2). Calculate the highest common factor of 106 and q.
53
Suppose 3*w = -2*w + h + 16, 5*h + 5 = 0. Suppose 4*p - 448 = -w*p. Calculate the greatest common factor of 8 and p.
8
Suppose 2612 = 35*q - 4318. What is the highest common divisor of 18 and q?
18
Let p = -23 - -53. Suppose 5*r + 0*b - 4*b - 71 = 0, -4*r = 3*b - 63. What is the highest common factor of p and r?
15
Let o be (39/(-1))/(-3) + -1. Let p be 2 + 0 + (o - -1). Calculate the highest common factor of 15 and p.
15
Let b be (-31)/(-2) + 0 - 9/(-18). What is the greatest common divisor of 944 and b?
16
Let b be (3/4)/(1/4). Let r(q) = -q**2 - 16*q + 4. Let m be r(-16). Suppose -2*w = 2*t - 22, -19 = -3*w - t + m. What is the greatest common factor of w and b?
3
Let t(o) = 9*o + 16. Let p be t(6). Let i be 2*(35/(-2))/(-5). What is the greatest common factor of i and p?
7
Let i(b) = -b**2 + 9. Let n be i(-3). Suppose n = -3*z + 65 - 5. Calculate the highest common divisor of z and 180.
20
Suppose 0 = 4*w + k - 1, -3*w + 2 = -0*k + 2*k. Suppose -6 = -2*g, 2*l = -w*g - 4*g + 88. Calculate the greatest common factor of l and 57.
19
Let d(r) = -22*r - 448. Let y be d(-21). Calculate the highest common factor of y and 602.
14
Let t = -18 + 13. Let l = t + 8. What is the highest common factor of l and 3?
3
Let o = 583 + -541. What is the highest common divisor of o and 1512?
42
Let r = -18 - -17. Let o(x) = -57*x - 3. Let p be o(r). What is the greatest common factor of p and 36?
18
Let i be (-126)/60*-4*15/6. What is the highest common divisor of i and 3?
3
Let x(t) = -6*t - 260. Let d be x(-44). Let i be (-38)/(-9) - (-2)/(-9). Let p be -8*1/i*-2. What is the highest common divisor of p and d?
4
Let l = -24 + 134. Suppose 6 = 3*o, 4*o = -2*q + l + 18. What is the highest common divisor of 15 and q?
15
Let k = 88 + -47. Let o = -21 + k. Suppose b + 2 = 6. Calculate the greatest common factor of o and b.
4
Let j(r) = -4*r - 12. Let x be j(-9). What is the highest common divisor of 636 and x?
12
Let c(b) = -5*b - 5. Let q be c(-6). Suppose -3*t + 4*o + 68 = 0, 2*t - 4*o - 73 = -q. What is the highest common divisor of 8 and t?
4
Let j be (-4 - 20/(-8))*-34. Let z = j - 25. Calculate the greatest common factor of 26 and z.
26
Let z(u) be the second derivative of -u**5/4 - u**4/6 + u**2/2 + 7*u. Let l be z(-2). Calculate the highest common factor of l and 363.
33
Let b be -2 - 1/(4/(-8)). Suppose -3*m + 136 - 475 = -3*k, b = -5*k. Let z = m - -158. Calculate the highest common factor of z and 5.
5
Let b = 26 + -33. Let j be ((-39)/26)/((7/54)/b). Let q be 6/8*2*6. Calculate the greatest common factor of q and j.
9
Suppose -3*n - 2*n = 15. Let w be (-374)/(-3)*n/(-2). Let x = -19 - -36. Calculate the greatest common factor of w and x.
17
Let d(s) = 3*s**2 - 73*s - 205. Let g be d(35). What is the greatest common factor of 244 and g?
61
Let y be (192/20)/((36/(-150))/(-3)). Calculate the highest common factor of 24 and y.
24
Let j be ((-7)/14)/((-3)/30). Suppose 0 = -j*u + 2 + 18. What is the highest common divisor of 28 and u?
4
Let f = -1457 + 2709. What is the highest common factor of f and 4?
4
Let v = -857 - 167. Let w be 6/(-51) - v/34. Calculate the greatest common divisor of 20 and w.
10
Let d(v) = -2*v + 34. Let y be d(16). Suppose 0 = 17*c - y*c - 120. Suppose 4*x = 8, -436 = -4*u - u + 2*x. Calculate the greatest common factor of u and c.
8
Let k(p) = 23*p + 0*p**2 + p**2 - 17*p + 2. Let x be k(-6). Suppose -20 = -4*v + 2*v + 5*h, 5*v + 5*h - 50 = 0. Calculate the highest common divisor of v and x.
2
Let k(b) = -56*b. Let c be k(-3). Let n(o) = 12*o**2 - o - 4*o - 6*o - 4*o + o**3 - 5. Let h be n(-13). Calculate the highest common divisor of h and c.
21
Let z(x) = -x**3 - 7*x**2 - 10*x + 1. Let h be z(-5). What is the highest common divisor of 32 and h?
1
Let t = -45 + 121. Calculate the greatest common factor of t and 133.
19
Let s be 182 + (-2 - -1)/((-65)/(-390)). Let y = 33 + -17. Calculate the highest common divisor of s and y.
16
Let j(w) = -7*w + 6. Let k be j(-5). Let p be 4/(-30) - (-1839)/(-45). Let s be (12 + -1)/((-1)/p). What is the highest common divisor of s and k?
41
Let p be 1 - -1 - (3 + 25)/(-4). Let k be (-4)/(((-18)/4)/p). Calculate the greatest common divisor of 48 and k.
8
Let c = 195 - 5. Calculate the highest common divisor of c and 20.
10
Suppose 11115 = 8*q + 9939. What is the greatest common factor of q and 105?
21
Let g(c) = -9*c**2 + 10*c - 6. Let f(d) = -d**2 - 1. Let m(z) = f(z) - g(z). Let v be m(4). Let x = v - 27. Calculate the greatest common divisor of x and 44.
22
Let s(f) = f + 25. Let n be s(-17). Calculate the greatest common factor of 64 and n.
8
Suppose -2006 = -i - 5*m, 4*i = 5*i - 2*m - 2020. What is the greatest common divisor of i and 18?
18
Let j = 8 + -18. Let x be (3 - (-6)/(-2)) + j. Let z = 40 + x. What is the greatest common factor of 240 and z?
30
Suppose -5*k - 136 = 3*w, -4*k + 2*w - 107 + 7 = 0. Let z = -3 - k. What is the greatest common divisor of 23 and z?
23
Suppose 2 = -t + 3*o, -3*o - 4 = 4*t - 26. Suppose -6*k + 80 = t*k. What is the highest common divisor of k and 1?
1
Let w(f) = f**2 - 6*f + 3. Let x be w(6). Suppose 0*k + x*k = 30. Calculate the greatest common factor of 10 and k.
10
Let c = -188 - -209. Suppose -y = 4*y - 945. Calculate the highest common factor of y and c.
21
Let c = 1339 + -1330. Calculate the highest common factor of 129 and c.
3
Let b(c) be the first derivative of 5*c**3/3 + 2*c**2 + 3*c + 3. Let q be b(-2). Calculate the greatest common factor of 6 and q.
3
Suppose -12*p + 748 + 344 = 0. Calculate the highest common factor of p and 49.
7
Let w(s) = -s**3 + 5. Suppose 3*y + 0*y = 0. Let h be w(y). Suppose -4*o = -h*o + 2*u + 139, 0 = -5*u - 10. What is the highest common divisor of o and 27?
27
Suppose -53*b = -49*b + 4*c - 48, b = -5*c + 32. Let s(n) = -8*n - 2*n - 4 - 2*n. Let z be s(-5). Calculate the highest common divisor of z and b.
7
Suppose -5*i + i + 144 = 0. Suppose 0 = -5*a + 7*a + i. Let f be (a/15)/(3/(-45)). What is the greatest common factor of 198 and f?
18
Suppose 3*v + 53 = -z, 0*v - 2*v = 3*z + 26. Let f(m) = -20*m - 56. Let h be f(v). What is the greatest common factor of 36 and h?
36
Let g = -14 + 16. Suppose -2*o + 3*o - g = 0. Suppose 4*p + o*d = 38, -2*d - 34 = -2*p - 0*p. What is the highest common divisor of 6 and p?
6
Let i(v) = -6*v + 259. Let w be i(42). What is the highest common factor of 1043 and w?
7
Suppose 3*w - o = 5152, 0 = -5*w + 4*w - 3*o + 1734. Suppose 11*p - w = -333. Calculate the highest common factor of 21 and p.
21
Let r be (-14)/(-4) + -4 - 18029/(-22). What is the greatest common divisor of r and 63?
63
Suppose 5*a - 8 = 7, -4*b = -3*a - 1079. Suppose 5*n = b + 8. Calculate the highest common factor of 14 and n.
14
Suppose -4*i - 900 = -10*v + 5*v, -327 = -2*v - 5*i. What is the highest common factor of 33 and v?
11
Let i(a) = -74*a - 38. Let h be i(-3). Suppose -r + 138 = 5*r. What is the greatest common divisor of r and h?
23
Let m(r) = -r**2 - 51*r - 45. Let a be m(-18). What is the greatest common factor of 18 and a?
9
Let x be (-198)/4*(-552)/36. Calculate the highest common factor of 66 and x.
33
Let m = -167 - -166. Let a be 15/5 + (m + 0 - -2). What is the greatest common divisor of a and 3?
1
Let t = -2 + 2. Suppose 0*r - r + 16 = t. Suppose -r = -2*j - 2*j. Calculate the highest common divisor of 28 and j.
4
Suppose 4*b = -2*i + 64, -3*i + 78 = 2*b + 3*b. Calculate the highest common divisor of 66 and b.
6
Let x = -44 + 48. 